{"id":3,"date":"2020-03-05T21:41:36","date_gmt":"2020-03-05T20:41:36","guid":{"rendered":"http:\/\/wydawnictwo.kuznia.art.pl\/?page_id=3"},"modified":"2020-04-13T22:10:27","modified_gmt":"2020-04-13T20:10:27","slug":"polityka-prywatnosci","status":"publish","type":"page","link":"https:\/\/www.vipart.eu\/index.php\/polityka-prywatnosci\/","title":{"rendered":"Polityka prywatno\u015bci"},"content":{"rendered":"\n<p><strong>Informacje og\u00f3lne<br><br><\/strong><\/p>\n\n\n\n<p>Niniejszy dokument okre\u015bla zasady Polityki prywatno\u015bci w Sklepie Internetowym (dalej jako \u201eSklep Internetowy\u201d). Administratorem Sklepu Internetowego jest Artur Rataj prowadz\u0105cy dzia\u0142alno\u015b\u0107 gospodarcz\u0105 pod &nbsp;nazw\u0105 VIPART Artur Rataj wpisan\u0105 do rejestru przedsi\u0119biorc\u00f3w Centralnej Ewidencji i Informacji o Dzia\u0142alno\u015bci Gospodarczej prowadzonej przez Ministra Rozwoju pod adresem ul. Kanclerza Jana \u0141askiego 27\/4 w Gnie\u017anie, NIP: 784-20-97-067<\/p>\n\n\n\n<p>Wyrazy u\u017cyte z du\u017cej litery maj\u0105 znaczenie nadane im w regulaminie niniejszego Sklepu Internetowego.<\/p>\n\n\n\n<p>Dane osobowe zbierane przez Administratora Sklepu Internetowego s\u0105 przetwarzane zgodnie z przepisami Rozporz\u0105dzenia Parlamentu Europejskiego i Rady (UE) 2016\/679 z 27.04.2016 r. w sprawie ochrony os\u00f3b fizycznych w zwi\u0105zku z przetwarzaniem danych osobowych i w sprawie swobodnego przep\u0142ywu takich danych oraz uchylenia dyrektywy 95\/46\/WE (og\u00f3lne rozporz\u0105dzenie o ochronie danych) (Dz. Urz. UE L 119, s. 1), zwanego dalej: RODO.<\/p>\n\n\n\n<p>Administrator Sklepu internetowego dok\u0142ada szczeg\u00f3lnych stara\u0144 w celu ochrony prywatno\u015bci i informacji mu przekazanych, a dotycz\u0105cych Klient\u00f3w Sklepu internetowego. Administrator z nale\u017cyt\u0105 staranno\u015bci\u0105 dobiera i stosuje odpowiednie \u015brodki techniczne, w tym o charakterze programistycznym i organizacyjnym, zapewniaj\u0105ce ochron\u0119 przetwarzanych danych, w szczeg\u00f3lno\u015bci zabezpiecza dane przed ich udost\u0119pnieniem osobom nieupowa\u017cnionym, ujawnieniem, utraceniem i zniszczeniem, nieuprawnion\u0105 modyfikacj\u0105, jak r\u00f3wnie\u017c przed ich przetwarzaniem z naruszeniem obowi\u0105zuj\u0105cych przepis\u00f3w prawa.<\/p>\n\n\n\n<p>Adresatem mo\u017cliwo\u015bci korzystania z Towar\u00f3w i Us\u0142ug dost\u0119pnych na stronie internetowej nie s\u0105 dzieci poni\u017cej 16 roku \u017cycia. Administrator danych osobowych nie przewiduje celowego gromadzenia danych dotycz\u0105cych dzieci poni\u017cej 16 roku \u017cycia.<\/p>\n\n\n\n<p><strong>Dane osobowe<\/strong><\/p>\n\n\n\n<p><strong>Administrator danych osobowych<\/strong><\/p>\n\n\n\n<p>Administratorem Twoich danych osobowych jest:<\/p>\n\n\n\n<p><strong>VIPART Artur Rataj<\/strong><\/p>\n\n\n\n<p><strong>Ul. Kanclerza Jana \u0141askiego 27\/4<\/strong><\/p>\n\n\n\n<p><strong>62-200 Gniezno<\/strong><\/p>\n\n\n\n<p>W sprawie Twoich danych osobowych mo\u017cesz skontaktowa\u0107 si\u0119 z Administratorem danych osobowych za pomoc\u0105:<\/p>\n\n\n\n<ul class=\"wp-block-list\"><li>poczty elektronicznej: wydawnictwo@vipart.eu;<\/li><li>tradycyjnej: VIPART Artur Rataj, ul. Kanclerza Jana \u0141askiego 27\/4, 62-200 Gniezno;<\/li><\/ul>\n\n\n\n<p>W sprawach dotycz\u0105cych Twoich danych osobowych mo\u017cesz skontaktowa\u0107 si\u0119 z Przedstawicielem Administratora danych osobowych za pomoc\u0105:<\/p>\n\n\n\n<ul class=\"wp-block-list\"><li>poczty elektronicznej: wydawnictwo@vipart.eu;<\/li><li>tradycyjnej: VIPART Artur Rataj, ul. Kanclerza Jana \u0141askiego 27\/4, 62-200 Gniezno;<\/li><\/ul>\n\n\n\n<p><strong>Inspektor ochrony danych (IOD)<\/strong><\/p>\n\n\n\n<p>Administrator danych osobowych powo\u0142a\u0142 Inspektora Ochrony Danych (IOD), z kt\u00f3rym mo\u017cesz si\u0119 skontaktowa\u0107 w sprawie ochrony swoich danych osobowych za pomoc\u0105:<\/p>\n\n\n\n<ul class=\"wp-block-list\"><li>poczty elektronicznej: wydawnictwo@vipart.eu;<\/li><li>tradycyjnej: VIPART Artur Rataj, ul. Kanclerza Jana \u0141askiego 27\/4, 62-200 Gniezno;<br><br><\/li><\/ul>\n\n\n\n<p><strong>Cele i podstawy prawne przetwarzania danych osobowych<\/strong><\/p>\n\n\n\n<p>Administrator danych osobowych przetwarza Twoje dane osobowe w nast\u0119puj\u0105cych celach i zakresie:<\/p>\n\n\n\n<ul class=\"wp-block-list\"><li>podj\u0119cia dzia\u0142a\u0144 przed zawarciem umowy na Twoje \u017c\u0105danie (np. za\u0142o\u017cenie konta), tj. dane podane w formularzu rejestracyjnym w Sklepie internetowym, tzn. adres e-mail oraz ustanowione has\u0142o, p\u0142e\u0107; je\u017celi rejestracja Konta nast\u0119puje za po\u015brednictwem zewn\u0119trznej us\u0142ugi uwierzytelniaj\u0105cej (np. Google+, Facebook) zbieramy Twoje imi\u0119 i nazwisko, a je\u017celi rejestrujesz si\u0119 przy zakupie Towar\u00f3w zbieramy Twoje imi\u0119 i nazwisko i dane podane w celu realizacji zam\u00f3wienia takie jak adres do wysy\u0142ki; w celu \u015bwiadczenia Us\u0142ug wymagaj\u0105cych za\u0142o\u017cenia Konta takich jak: prowadzenie historii zam\u00f3wie\u0144, informowanie o statusie realizacji zam\u00f3wienia, przetwarzamy Twoje dane podane w Koncie oraz przy zakupie Towar\u00f3w;<\/li><li>w celu \u015bwiadczenia Us\u0142ug niewymagaj\u0105cych za\u0142o\u017cenia Konta i zakupu Towaru, tj. przegl\u0105danie stron www Sklepu Internetowego, wyszukiwarka Towar\u00f3w, przetwarzamy dane osobowe dotycz\u0105ce Twojej aktywno\u015bci w Sklepie internetowym, tzn. dane dotycz\u0105ce przegl\u0105danych przez Ciebie Towar\u00f3w, dane dotycz\u0105ce sesji Twojego urz\u0105dzenia, systemu operacyjnego, przegl\u0105darki, lokalizacji oraz unikalnego ID, adres IP;<\/li><li>w celu wykonania umowy sprzeda\u017cy Towar\u00f3w (np. dor\u0119czenia zam\u00f3wionych Towar\u00f3w), przetwarzamy dane osobowe podane przez Ciebie przy zakupie Towar\u00f3w, takie jak imi\u0119 i nazwisko, adres e-mail, dane adresowe, dane dotycz\u0105ce p\u0142atno\u015bci, a je\u017celi dokonujesz zakupu za po\u015brednictwem Konta, dodatkowo ustanowione has\u0142o;<\/li><li>w celu statystyk korzystania z poszczeg\u00f3lnych funkcjonalno\u015bci dost\u0119pnych w Sklepie internetowym, u\u0142atwienia korzystania ze Sklepu internetowego oraz zapewnienia bezpiecze\u0144stwa informatycznego Sklepu internetowego, przetwarzamy dane osobowe dotycz\u0105ce Twojej aktywno\u015bci w Sklepie Internetowym oraz ilo\u015bci czasu sp\u0119dzanego na ka\u017cdej z podstron w Sklepie internetowym, Twojej historii wyszukiwania, lokalizacji, adresie IP, ID urz\u0105dzenia, danych dotycz\u0105cych Twojej przegl\u0105darki internetowej oraz systemu operacyjnego;<\/li><li>w celu ustalenia, dochodzenia i egzekucji roszcze\u0144 oraz obrony przed roszczeniami w post\u0119powaniu s\u0105dowym i innymi organami egzekucyjnymi, mo\u017cemy przetwarza\u0107 Twoje dane osobowe podane przy zakupie Towar\u00f3w lub za\u0142o\u017ceniu Konta oraz inne dane niezb\u0119dne do udowodnienia istnienia roszczenia lub kt\u00f3re wynikaj\u0105 z wymogu prawnego, nakazu s\u0105dowego lub innej procedury prawnej;<\/li><li>w celu rozpatrywania reklamacji, skarg i wniosk\u00f3w oraz odpowiedzi na pytania Klient\u00f3w, przetwarzamy podane przez Ciebie dane osobowe w formularzu kontaktowym, reklamacjach skargach i wnioskach, czy w celu udzielenia odpowiedzi na pytania zawarte w innej formie oraz niekt\u00f3re dane osobowe podane przez Ciebie w Koncie, jak r\u00f3wnie\u017c dane dotycz\u0105ce zam\u00f3wienia Towaru i innych \u015bwiadczonych przez nas Us\u0142ug b\u0119d\u0105ce przyczyn\u0105 reklamacji, skargi czy wniosku oraz dane zawarte w dokumentach do\u0142\u0105czonych do reklamacji, skarg i wniosk\u00f3w;<\/li><li>w celu marketingu naszych Towar\u00f3w i Us\u0142ug oraz naszych klient\u00f3w i partner\u00f3w, w tym remarketingu, w tym celu przetwarzamy dane osobowe podane przez Ciebie przy utworzeniu Konta i jego aktualizacji, dane dotycz\u0105ce Twojej aktywno\u015bci w Sklepie internetowym w tym zam\u00f3wie\u0144, kt\u00f3re s\u0105 rejestrowane i przechowywane za po\u015brednictwem plik\u00f3w cookies, a w szczeg\u00f3lno\u015bci historia zam\u00f3wie\u0144, historia wyszukiwani, klikni\u0119cia w Sklepie internetowym, daty logowania i rejestracji, historia i Twoja aktywno\u015b\u0107 zwi\u0105zana z nasz\u0105 komunikacj\u0105 z Tob\u0105. W przypadku remarketingu, wykorzystujemy dane o Twojej aktywno\u015bci w celu dotarcia do Ciebie z naszymi komunikatami marketingowymi poza Sklepem internetowym i korzystamy w tym celu z us\u0142ug zewn\u0119trznych dostawc\u00f3w. Us\u0142ugi te polegaj\u0105 na wy\u015bwietlaniu naszych komunikat\u00f3w na stronach internetowych innych ni\u017c Sklepu internetowego. Szczeg\u00f3\u0142y na ten temat znajdziesz w zapisach dotycz\u0105cych Plik\u00f3w cookies;<\/li><li>w celu organizacji konkurs\u00f3w i program\u00f3w lojalno\u015bciowych tj. powiadomie\u0144 o zgromadzonych punktach, powiadomienia o wygranej oraz reklamowania naszej oferty, wykorzystujemy Twoje dane osobowe podane w Koncie oraz przy rejestracji w konkursie lub programie lojalno\u015bciowym. Szczeg\u00f3\u0142owe informacje na ten temat podane s\u0105 ka\u017cdorazowo w warunkach uczestnictwa danego konkursu lub programu lojalno\u015bciowego;<\/li><li>w celu badania rynku i opinii przez nas lub naszych partner\u00f3w, tj. informacje o zam\u00f3wieniu, Twoje dane podane w Koncie lub podczas zakupu Towaru, adres e-mail. Dane zebrane w ramach badania rynku i badania opinii nie s\u0105 przez nas wykorzystywane do cel\u00f3w reklamowych. Dok\u0142adne wskaz\u00f3wki podane s\u0105 w informacji o danej ankiecie lub w miejscu, w kt\u00f3rym wprowadzasz swoje dane.<\/li><\/ul>\n\n\n\n<p><strong>Kategorie odno\u015bnych danych osobowych<\/strong><\/p>\n\n\n\n<p>Administrator danych osobowych przetwarza nast\u0119puj\u0105ce kategorie odno\u015bnych danych osobowych:<\/p>\n\n\n\n<ul class=\"wp-block-list\"><li>dane kontaktowe;<\/li><li>dane dotycz\u0105ce aktywno\u015bci w Sklepie internetowym;<\/li><li>dane dotycz\u0105ce zam\u00f3wie\u0144 w Sklepie internetowym;<\/li><li>dane dotycz\u0105ce reklamacji skarg i wniosk\u00f3w;<\/li><li>dane dotycz\u0105ce us\u0142ug marketingowych.<\/li><\/ul>\n\n\n\n<p><strong>Dobrowolno\u015b\u0107 podania danych osobowych<\/strong><\/p>\n\n\n\n<p>Podanie przez Ciebie wymaganych danych osobowych jest dobrowolne i stanowi warunek \u015bwiadczenia us\u0142ug przez Administratora danych osobowych za po\u015brednictwem Sklepu internetowego.<\/p>\n\n\n\n<p><strong>Czas przetwarzania danych<\/strong><\/p>\n\n\n\n<p>Dane osobowe b\u0119d\u0105 przetwarzane przez okres niezb\u0119dny do realizacji zam\u00f3wie\u0144, us\u0142ug, dzia\u0142a\u0144 marketingowych oraz innych us\u0142ug wykonywanych dla Klienta. Dane osobowe b\u0119d\u0105 usuni\u0119te w nast\u0119puj\u0105cych przypadkach:<\/p>\n\n\n\n<ul class=\"wp-block-list\"><li>kiedy osoba, kt\u00f3rej dane dotycz\u0105 zwr\u00f3ci si\u0119 o ich usuni\u0119cie lub wycofa udzielon\u0105 zgod\u0119;<\/li><li>kiedy osoba, kt\u00f3rej dane dotycz\u0105 nie podejmuje dzia\u0142a\u0144 przez ponad 6 miesi\u0119cy (kontakt nieaktywny);<\/li><li>po uzyskaniu informacji, \u017ce przechowywane dane s\u0105 nieaktualne lub niedok\u0142adne.<\/li><\/ul>\n\n\n\n<p>Niekt\u00f3re dane w zakresie: adres e-mail, imi\u0119 i nazwisko, mog\u0105 by\u0107 przechowywane przez okres kolejnych 3 lat dla cel\u00f3w dowodowych, rozpatrywania reklamacji, skarg oraz roszcze\u0144 zwi\u0105zanych z us\u0142ugami \u015bwiadczonymi przez Sklep internetowy \u2013 dane te nie b\u0119d\u0105 wykorzystywane do cel\u00f3w marketingowych.<\/p>\n\n\n\n<p>Dane dotycz\u0105ce zam\u00f3wie\u0144 Towar\u00f3w i us\u0142ug p\u0142atnych, konkurs\u00f3w i program\u00f3w lojalno\u015bciowych b\u0119d\u0105 przechowywane przez okres 5 lat od daty dostarczenia zam\u00f3wienia.<\/p>\n\n\n\n<p>Dane dotycz\u0105ce Klient\u00f3w niezalogowanych przechowujemy przez czas odpowiadaj\u0105cy cyklowi \u017cycia zapisanych na urz\u0105dzeniach plik\u00f3w cookies lub do czasu ich usuni\u0119cia w urz\u0105dzeniu Klienta przez Klienta.<\/p>\n\n\n\n<p>Twoje dane osobowe dotycz\u0105ce preferencji, zachowa\u0144 i wyboru tre\u015bci marketingowych mog\u0105 by\u0107 wykorzystywane jako podstawa do podj\u0119cia zautomatyzowanych decyzji w celu okre\u015blenia mo\u017cliwo\u015bci sprzeda\u017cowych Sklepu internetowego.<\/p>\n\n\n\n<p><strong>Odbiorcy danych osobowych<\/strong><\/p>\n\n\n\n<p>Przekazujemy Twoje dane osobowe nast\u0119puj\u0105cym kategoriom odbiorc\u00f3w:<\/p>\n\n\n\n<ul class=\"wp-block-list\"><li>organom pa\u0144stwowym, np. prokuratura, Policja, GIODO, Prezes UOKiK, je\u017celi si\u0119 o to do nas zwr\u00f3c\u0105.<\/li><\/ul>\n\n\n\n<p><strong>Prawa osoby, kt\u00f3rej dane dotycz\u0105<\/strong><\/p>\n\n\n\n<p>Na podstawie RODO masz prawo do:<\/p>\n\n\n\n<ul class=\"wp-block-list\"><li>\u017c\u0105dania dost\u0119pu do swoich danych osobowych;<\/li><li>\u017c\u0105dania sprostowania swoich danych osobowych;<\/li><li>\u017c\u0105dania usuni\u0119cia swoich danych osobowych;<\/li><li>\u017c\u0105dania ograniczenia przetwarzania danych osobowych;<\/li><li>wniesienia sprzeciwu wobec przetwarzania danych osobowych;<\/li><li>\u017c\u0105dania przenoszenia danych osobowych.<\/li><\/ul>\n\n\n\n<p>Administrator danych osobowych bez zb\u0119dnej zw\u0142oki \u2013 a w ka\u017cdym razie w terminie miesi\u0105ca od otrzymania \u017c\u0105dania \u2013 udziela Ci informacji o dzia\u0142aniach podj\u0119tych w zwi\u0105zku ze zg\u0142oszonym przez Ciebie \u017c\u0105daniem. W razie potrzeby termin miesi\u0119czny mo\u017ce by\u0107 przed\u0142u\u017cony o kolejne dwa miesi\u0105ce z uwagi na skomplikowany charakter \u017c\u0105dania lub liczb\u0119 \u017c\u0105da\u0144.<\/p>\n\n\n\n<p>W ka\u017cdym wypadku Administrator danych osobowych poinformuje Ci\u0119 o takim przed\u0142u\u017ceniu w terminie miesi\u0105ca od otrzymania \u017c\u0105dania z podaniem przyczyn op\u00f3\u017anienia.<\/p>\n\n\n\n<p><strong>Prawo dost\u0119pu do danych osobowych (art. 15 RODO)<\/strong><\/p>\n\n\n\n<p>Masz prawo uzyskania od Administratora danych osobowych informacji czy Twoje dane osobowe s\u0105 przetwarzane.<\/p>\n\n\n\n<p>Je\u017celi Administrator przetwarza Twoje dane osobowe masz prawo do:<\/p>\n\n\n\n<ul class=\"wp-block-list\"><li>dost\u0119pu do danych osobowych;<\/li><li>uzyskania informacji o celach przetwarzania, kategoriach przetwarzanych danych osobowych, o odbiorcach lub kategoriach odbiorc\u00f3w tych danych, planowanym okresie przechowywania Twoich danych lub o kryteriach ustalania tego okresu, o prawach przys\u0142uguj\u0105cych Ci na mocy RODO oraz o prawie wniesienia skargi do organu nadzorczego, o \u017ar\u00f3dle tych danych, o zautomatyzowanym podejmowaniu decyzji, w tym o profilowaniu oraz o zabezpieczeniach stosowanych w zwi\u0105zku z przekazaniem tych danych poza Uni\u0119 Europejsk\u0105;<\/li><li>uzyskania kopii swoich danych osobowych.<\/li><\/ul>\n\n\n\n<p>Je\u015bli chcesz za\u017c\u0105da\u0107 dost\u0119pu do swoich danych osobowych zg\u0142o\u015b swoje \u017c\u0105danie na adres: [EMAIL].<\/p>\n\n\n\n<p><strong>Prawo do sprostowania danych osobowych (art. 16 RODO)<\/strong><\/p>\n\n\n\n<p>Je\u017celi Twoje dane osobowe s\u0105 nieprawid\u0142owe masz prawo \u017c\u0105dania od Administratora niezw\u0142ocznego sprostowania Twoich danych osobowych.<\/p>\n\n\n\n<p>Masz te\u017c prawo do \u017c\u0105dania od Administratora uzupe\u0142nienia Twoich danych osobowych.<\/p>\n\n\n\n<p>Je\u015bli chcesz za\u017c\u0105da\u0107 sprostowania danych osobowych lub ich uzupe\u0142nienia, zg\u0142o\u015b swoje \u017c\u0105danie na adres: [EMAIL].<\/p>\n\n\n\n<p>Je\u017celi dokona\u0142e\u015b rejestracji w Sklepie Internetowym swoje dane osobowe mo\u017cesz sprostowa\u0107 i uzupe\u0142nia\u0107 samodzielnie po zalogowaniu si\u0119 w Sklepie Internetowym.<\/p>\n\n\n\n<p><strong>Prawo do usuni\u0119cia danych osobowych, tzw. \u201cprawo do bycia zapomnianym\u201d (art. 17 RODO)<\/strong><\/p>\n\n\n\n<p>Masz prawo \u017c\u0105dania od Administratora danych osobowych usuni\u0119cia swoich danych osobowych, gdy:<\/p>\n\n\n\n<ul class=\"wp-block-list\"><li>Twoje dane osobowe przesta\u0142y by\u0107 niezb\u0119dne do cel\u00f3w, w kt\u00f3rych zosta\u0142y zebrane lub w inny spos\u00f3b przetwarzane;<\/li><li>wycofa\u0142e\u015b okre\u015blon\u0105 zgod\u0119, w zakresie w jakim dane osobowe by\u0142y przetwarzane w oparciu o Twoj\u0105 zgod\u0119;<\/li><li>Twoje dane osobowe by\u0142y przetwarzane niezgodnie z prawem;<\/li><li>wnios\u0142e\u015b\/wnios\u0142a\u015b sprzeciw wobec przetwarzania Twoich danych osobowych na potrzeby marketingu bezpo\u015bredniego, w tym profilowania, w zakresie w jakim przetwarzanie danych osobowych jest zwi\u0105zane z marketingiem bezpo\u015brednim;<\/li><li>wnios\u0142e\u015b\/wnios\u0142a\u015b sprzeciw wobec przetwarzania Twoich danych osobowych w zwi\u0105zku z przetwarzaniem niezb\u0119dnym dla wykonania zadania realizowanego w interesie publicznym lub przetwarzania niezb\u0119dnego dla cel\u00f3w wynikaj\u0105cych z prawnie uzasadnionych interes\u00f3w realizowanych przez Administratora danych osobowych lub stron\u0119 trzeci\u0105.<\/li><\/ul>\n\n\n\n<p>Pomimo zg\u0142oszenia \u017c\u0105dania usuni\u0119cia danych osobowych Administrator danych osobowych mo\u017ce przetwarza\u0107 Twoje dane dalej w celu ustalenia, dochodzenia lub obrony roszcze\u0144 o czym zostaniesz poinformowany\/poinformowana.<\/p>\n\n\n\n<p>Je\u015bli chcesz za\u017c\u0105da\u0107 usuni\u0119cia swoich danych osobowych zg\u0142o\u015b swoje \u017c\u0105danie na adres: wydawnictwo@vipart.eu<\/p>\n\n\n\n<p><strong>Prawo do zg\u0142oszenia \u017c\u0105dania ograniczenia przetwarzania danych osobowych (art. 18 RODO)<\/strong><\/p>\n\n\n\n<p>Masz prawo do \u017c\u0105dania ograniczenia przetwarzania Twoich danych osobowych, gdy:<\/p>\n\n\n\n<ul class=\"wp-block-list\"><li>kwestionujesz prawid\u0142owo\u015b\u0107 swoich danych osobowych \u2013 Administrator danych osobowych ograniczy przetwarzanie Twoich danych osobowych na czas pozwalaj\u0105cy sprawdzi\u0107 prawid\u0142owo\u015b\u0107 tych danych;<\/li><li>gdy przetwarzanie Twoich danych jest niezgodne z prawem, a zamiast usuni\u0119cia danych osobowych za\u017c\u0105dasz ograniczenia przetwarzania Twoich danych osobowych;<\/li><li>Twoje dane osobowe przesta\u0142y by\u0107 potrzebne do cel\u00f3w przetwarzania, ale s\u0105 one potrzebne w celu ustalenia, dochodzenia lub obrony Twoich roszcze\u0144;<\/li><li>gdy zg\u0142osi\u0142e\u015b\/zg\u0142osi\u0142a\u015b sprzeciw wobec przetwarzania Twoich danych osobowych \u2013 do czasu stwierdzenia czy prawnie uzasadnione interesy po stronie Administratora danych osobowych s\u0105 nadrz\u0119dne wobec podstaw wskazanych w Twoim sprzeciwie.<\/li><\/ul>\n\n\n\n<p>Je\u015bli chcesz za\u017c\u0105da\u0107 ograniczenia przetwarzania swoich danych osobowych zg\u0142o\u015b swoje \u017c\u0105danie na adres: wydawnictwo@vipart.eu<\/p>\n\n\n\n<p><strong>Prawo do sprzeciwu wobec przetwarzania danych osobowych (art. 21 RODO)<\/strong><\/p>\n\n\n\n<p>Masz prawo w dowolnym momencie wnie\u015b\u0107 sprzeciw wobec przetwarzania Twoich danych osobowych, w tym profilowania, w zwi\u0105zku z:<\/p>\n\n\n\n<ul class=\"wp-block-list\"><li>przetwarzaniem niezb\u0119dnym dla wykonania zadania realizowanego w interesie publicznym lub przetwarzania niezb\u0119dnego dla cel\u00f3w wynikaj\u0105cych z prawnie uzasadnionych interes\u00f3w realizowanych przez Administratora danych osobowych lub stron\u0119 trzeci\u0105;<\/li><li>przetwarzaniem na potrzeby marketingu bezpo\u015bredniego.<\/li><\/ul>\n\n\n\n<p>Je\u015bli chcesz zg\u0142osi\u0107 sprzeciw wobec przetwarzania Twoich danych osobowych, zg\u0142o\u015b swoje \u017c\u0105danie na adres: wydawnictwo@vipart.eu.<\/p>\n\n\n\n<p><strong>Prawo do \u017c\u0105dania przenoszenia danych osobowych (art. 20 RODO)<\/strong><\/p>\n\n\n\n<p>Masz prawo do otrzymania od Administratora danych osobowych swoich danych osobowych w ustrukturyzowanym, powszechnie u\u017cywanym formacie nadaj\u0105cym si\u0119 do odczytu maszynowego oraz przes\u0142a\u0107 je innemu administratorowi danych osobowych.<\/p>\n\n\n\n<p>Mo\u017cesz r\u00f3wnie\u017c za\u017c\u0105da\u0107, aby to Administrator danych osobowych przes\u0142a\u0142 bezpo\u015brednio Twoje dane osobowe innemu administratorowi (o ile jest to technicznie mo\u017cliwe).<\/p>\n\n\n\n<p>Je\u015bli chcesz za\u017c\u0105da\u0107 przeniesienia swoich danych osobowych zg\u0142o\u015b swoje \u017c\u0105danie na adres: wydawnictwo@vipart.eu.<\/p>\n\n\n\n<p><strong>Prawo do cofni\u0119cia zgody<\/strong><\/p>\n\n\n\n<p>Mo\u017cesz cofn\u0105\u0107 udzielon\u0105 zgod\u0119 na przetwarzanie swoich danych osobowych w dowolnym momencie.<\/p>\n\n\n\n<p>Cofni\u0119cie zgody na przetwarzanie danych osobowych nie ma wp\u0142ywu na zgodno\u015b\u0107 z prawem przetwarzania dokonanego na podstawie Twojej zgody przed jej cofni\u0119ciem.<\/p>\n\n\n\n<p>Je\u015bli chcesz cofn\u0105\u0107 zgod\u0119 na przetwarzanie swoich danych osobowych zg\u0142o\u015b swoje \u017c\u0105danie na adres: [wydawnictwo@vipart.eu] lub skorzysta\u0107 z odpowiednich funkcjonalno\u015bci w Koncie.<\/p>\n\n\n\n<p><strong>Skarga do organu nadzorczego<\/strong><\/p>\n\n\n\n<p>Je\u017celi s\u0105dzisz, \u017ce przetwarzanie Twoich danych osobowych narusza RODO masz prawo z\u0142o\u017cenia skargi do organu nadzorczego, w szczeg\u00f3lno\u015bci w pa\u0144stwie cz\u0142onkowskim swojego zwyk\u0142ego pobytu, swojego miejsca pracy lub miejsca pope\u0142nienia domniemanego naruszenia.<\/p>\n\n\n\n<p>W Polsce organem nadzorczym w rozumieniu RODO jest Generalny Inspektor Ochrony Danych Osobowych (GIODO)<\/p>\n","protected":false},"excerpt":{"rendered":"<p>Informacje og\u00f3lne Niniejszy dokument okre\u015bla zasady Polityki prywatno\u015bci w Sklepie Internetowym (dalej jako \u201eSklep Internetowy\u201d). Administratorem Sklepu Internetowego jest Artur Rataj prowadz\u0105cy dzia\u0142alno\u015b\u0107 gospodarcz\u0105 pod &nbsp;nazw\u0105 VIPART Artur Rataj wpisan\u0105 do rejestru przedsi\u0119biorc\u00f3w Centralnej Ewidencji i Informacji o Dzia\u0142alno\u015bci Gospodarczej [&hellip;]<\/p>\n","protected":false},"author":6,"featured_media":0,"parent":0,"menu_order":0,"comment_status":"closed","ping_status":"open","template":"","meta":{"om_disable_all_campaigns":false,"_monsterinsights_skip_tracking":false,"_monsterinsights_sitenote_active":false,"_monsterinsights_sitenote_note":"","_monsterinsights_sitenote_category":0,"footnotes":""},"class_list":["post-3","page","type-page","status-publish","hentry","clearfix"],"aioseo_notices":[],"jetpack_sharing_enabled":true,"_links":{"self":[{"href":"https:\/\/www.vipart.eu\/index.php\/wp-json\/wp\/v2\/pages\/3","targetHints":{"allow":["GET"]}}],"collection":[{"href":"https:\/\/www.vipart.eu\/index.php\/wp-json\/wp\/v2\/pages"}],"about":[{"href":"https:\/\/www.vipart.eu\/index.php\/wp-json\/wp\/v2\/types\/page"}],"author":[{"embeddable":true,"href":"https:\/\/www.vipart.eu\/index.php\/wp-json\/wp\/v2\/users\/6"}],"replies":[{"embeddable":true,"href":"https:\/\/www.vipart.eu\/index.php\/wp-json\/wp\/v2\/comments?post=3"}],"version-history":[{"count":1,"href":"https:\/\/www.vipart.eu\/index.php\/wp-json\/wp\/v2\/pages\/3\/revisions"}],"predecessor-version":[{"id":111,"href":"https:\/\/www.vipart.eu\/index.php\/wp-json\/wp\/v2\/pages\/3\/revisions\/111"}],"wp:attachment":[{"href":"https:\/\/www.vipart.eu\/index.php\/wp-json\/wp\/v2\/media?parent=3"}],"curies":[{"name":"wp","href":"https:\/\/api.w.org\/{rel}","templated":true}]}}